{"id":1255,"date":"2025-11-28T12:55:40","date_gmt":"2025-11-28T11:55:40","guid":{"rendered":"https:\/\/orgueil82.jvillain.fr\/?page_id=1255"},"modified":"2025-11-28T12:55:42","modified_gmt":"2025-11-28T11:55:42","slug":"actualites","status":"publish","type":"page","link":"https:\/\/orgueil82.jvillain.fr\/?page_id=1255","title":{"rendered":"Actualit\u00e9s du village"},"content":{"rendered":"<style><\/style><div class=\"wplp_outside wplp_widget_1256\" style=\"max-width:100%;\"><span class=\"wpcu_block_title\">actualit\u00e9s<\/span><div id=\"wplp_widget_1256\" class=\"wplp_widget_default wplp_container vertical swiper wplp-swiper default cols3\" data-theme=\"default\" data-post=\"1256\" style=\"\" data-max-elts=\"2\" data-per-page=\"10\"><div class=\"wplp_listposts swiper-wrapper\" id=\"default_1256\" style=\"width: 100%;\" ><div class=\"swiper-slide\" style=\"\"><div class=\"insideframe\"><div id=\"wplp_box_top_1256_3277\" class=\"wpcu-front-box top equalHeightImg\" ><div class=\"wplp-box-item\"><\/div><\/div><div id=\"wplp_box_left_1256_3277\" class=\"wpcu-front-box left wpcu-custom-position\" style=\"width: 30%\"><div class=\"wplp-box-item\"><a href=\"https:\/\/orgueil82.jvillain.fr\/?p=3277\"  class=\"thumbnail\"><span class=\"img_cropper\" style=\"margin-right:4px;margin-bottom:4px;max-width:100%;\"><img decoding=\"async\" src=\"https:\/\/orgueil82.jvillain.fr\/wp-content\/uploads\/Orgueil\/orgueilhome.jpg\" style=\"aspect-ratio:4\/3;\" srcset=\"\" alt=\"R\u00e9sultats \u00e9lections municipales Orgueil &#8211; 15 mars 2026\" class=\"wplp_thumb\" \/><\/span><\/a><\/div><\/div><div id=\"wplp_box_right_1256_3277\" class=\"wpcu-front-box right wpcu-custom-position\" style=\"width: 70%\"><div class=\"wplp-box-item\"><a href=\"https:\/\/orgueil82.jvillain.fr\/?p=3277\"  class=\"title\">R\u00e9sultats \u00e9lections municipales Orgueil &#8211; 15 mars 2026<\/a><a href=\"https:\/\/orgueil82.jvillain.fr\/?p=3277\"  class=\"date\">15\/03\/2026<\/a><span class=\"custom_fields\">\n<!-- WPLP Unknown field: Custom_Fields -->\n<\/span><a href=\"https:\/\/orgueil82.jvillain.fr\/?p=3277\"  class=\"read-more\">Lire la suite\u2026<\/a><\/div><\/div><div id=\"wplp_box_bottom_1256_3277\" class=\"wpcu-front-box bottom \" ><div class=\"wplp-box-item\"><\/div><\/div><\/div><\/div><div class=\"swiper-slide\" style=\"\"><div class=\"insideframe\"><div id=\"wplp_box_top_1256_3247\" class=\"wpcu-front-box top equalHeightImg\" ><div class=\"wplp-box-item\"><\/div><\/div><div id=\"wplp_box_left_1256_3247\" class=\"wpcu-front-box left wpcu-custom-position\" style=\"width: 30%\"><div class=\"wplp-box-item\"><a href=\"https:\/\/orgueil82.jvillain.fr\/?p=3247\"  class=\"thumbnail\"><span class=\"img_cropper\" style=\"margin-right:4px;margin-bottom:4px;max-width:100%;\"><img decoding=\"async\" src=\"https:\/\/orgueil82.jvillain.fr\/wp-content\/uploads\/C\u00e9r\u00e9monies_MaM\/11nov2025\/P1020767i.jpg\" style=\"aspect-ratio:4\/3;\" srcset=\"\" alt=\"C\u00e9r\u00e9monie du 11 novembre 2025\" class=\"wplp_thumb\" \/><\/span><\/a><\/div><\/div><div id=\"wplp_box_right_1256_3247\" class=\"wpcu-front-box right wpcu-custom-position\" style=\"width: 70%\"><div class=\"wplp-box-item\"><a href=\"https:\/\/orgueil82.jvillain.fr\/?p=3247\"  class=\"title\">C\u00e9r\u00e9monie du 11 novembre 2025<\/a><a href=\"https:\/\/orgueil82.jvillain.fr\/?p=3247\"  class=\"date\">11\/11\/2025<\/a><span class=\"custom_fields\">\n<!-- WPLP Unknown field: Custom_Fields -->\n<\/span><a href=\"https:\/\/orgueil82.jvillain.fr\/?p=3247\"  class=\"read-more\">Lire la suite\u2026<\/a><\/div><\/div><div id=\"wplp_box_bottom_1256_3247\" class=\"wpcu-front-box bottom \" ><div class=\"wplp-box-item\"><\/div><\/div><\/div><\/div><\/div><div class=\"swiper-button-next\"><\/div><div class=\"swiper-button-prev\"><\/div><div class=\"swiper-pagination\"><\/div><\/div><\/div>\n\n\n\n<hr class=\"wp-block-separator has-alpha-channel-opacity\"\/>\n\n\n\n<div class=\"wp-block-columns is-layout-flex wp-container-core-columns-is-layout-9d6595d7 wp-block-columns-is-layout-flex\">\n<div class=\"wp-block-column is-layout-flow wp-block-column-is-layout-flow\"><div style=\"font-style:normal;font-weight:700;\" class=\"wp-block-archives-dropdown wp-block-archives has-large-font-size\"><label for=\"wp-block-archives-1\" class=\"wp-block-archives__label\">Archives<\/label>\n\t\t<select id=\"wp-block-archives-1\" name=\"archive-dropdown\">\n\t\t<option value=\"\">S\u00e9lectionner l\u2019ann\u00e9e<\/option>\t<option value='https:\/\/orgueil82.jvillain.fr\/?m=2026'> 2026 &nbsp;(1)<\/option>\n\t<option value='https:\/\/orgueil82.jvillain.fr\/?m=2025'> 2025 &nbsp;(3)<\/option>\n\t<option value='https:\/\/orgueil82.jvillain.fr\/?m=2024'> 2024 &nbsp;(7)<\/option>\n\t<option value='https:\/\/orgueil82.jvillain.fr\/?m=2002'> 2002 &nbsp;(1)<\/option>\n\t<option value='https:\/\/orgueil82.jvillain.fr\/?m=1968'> 1968 &nbsp;(1)<\/option>\n<\/select><script>\n( ( [ dropdownId, homeUrl ] ) => {\n\t\tconst dropdown = document.getElementById( dropdownId );\n\t\tfunction onSelectChange() {\n\t\t\tsetTimeout( () => {\n\t\t\t\tif ( 'escape' === dropdown.dataset.lastkey ) {\n\t\t\t\t\treturn;\n\t\t\t\t}\n\t\t\t\tif ( dropdown.value ) {\n\t\t\t\t\tlocation.href = dropdown.value;\n\t\t\t\t}\n\t\t\t}, 250 );\n\t\t}\n\t\tfunction onKeyUp( event ) {\n\t\t\tif ( 'Escape' === event.key ) {\n\t\t\t\tdropdown.dataset.lastkey = 'escape';\n\t\t\t} else {\n\t\t\t\tdelete dropdown.dataset.lastkey;\n\t\t\t}\n\t\t}\n\t\tfunction onClick() {\n\t\t\tdelete dropdown.dataset.lastkey;\n\t\t}\n\t\tdropdown.addEventListener( 'keyup', onKeyUp );\n\t\tdropdown.addEventListener( 'click', onClick );\n\t\tdropdown.addEventListener( 'change', onSelectChange );\n\t} )( [\"wp-block-archives-1\",\"https:\/\/orgueil82.jvillain.fr\"] );\n\/\/# sourceURL=block_core_archives_build_dropdown_script\n<\/script>\n<\/div>\n\n\n<div style=\"height:15px\" aria-hidden=\"true\" class=\"wp-block-spacer\"><\/div>\n<\/div>\n\n\n\n<div class=\"wp-block-column is-layout-flow wp-block-column-is-layout-flow\">\n<p class=\"has-medium-font-size\"><strong>Actualit\u00e9s Paroissiales<\/strong><\/p>\n\n\n<ul class=\"has-dates wp-block-rss\"><li class='wp-block-rss__item'><div class='wp-block-rss__item-title'><a href='https:\/\/ensemble-paroissial-reynies.fr\/?p=2817'>Lette Info du dioc\u00e8se avril 2026<\/a><\/div><time datetime=\"2026-04-29T14:11:01+02:00\" class=\"wp-block-rss__item-publish-date\">29\/04\/2026<\/time> <\/li><li class='wp-block-rss__item'><div class='wp-block-rss__item-title'><a href='https:\/\/ensemble-paroissial-reynies.fr\/?p=202'>Messes semaine 18<\/a><\/div><time datetime=\"2026-04-24T22:45:00+02:00\" class=\"wp-block-rss__item-publish-date\">24\/04\/2026<\/time> <\/li><li class='wp-block-rss__item'><div class='wp-block-rss__item-title'><a href='https:\/\/ensemble-paroissial-reynies.fr\/?p=1480'>Aucune c\u00e9r\u00e9monie de fun\u00e9railles n\u2019est pr\u00e9vue dans nos \u00e9glises louons le Seigneur<\/a><\/div><time datetime=\"2026-04-24T17:00:03+02:00\" class=\"wp-block-rss__item-publish-date\">24\/04\/2026<\/time> <\/li><li class='wp-block-rss__item'><div class='wp-block-rss__item-title'><a href='https:\/\/ensemble-paroissial-reynies.fr\/?p=3555'>Bulletin paroissial mai 2026<\/a><\/div><time datetime=\"2026-04-24T16:25:25+02:00\" class=\"wp-block-rss__item-publish-date\">24\/04\/2026<\/time> <\/li><li class='wp-block-rss__item'><div class='wp-block-rss__item-title'><a href='https:\/\/ensemble-paroissial-reynies.fr\/?p=4864'>La paroisse dans votre poche !<\/a><\/div><time datetime=\"2026-04-14T12:56:56+02:00\" class=\"wp-block-rss__item-publish-date\">14\/04\/2026<\/time> <\/li><li class='wp-block-rss__item'><div class='wp-block-rss__item-title'><a href='https:\/\/ensemble-paroissial-reynies.fr\/?p=1286'>Nos paroisses ont besoin de vous !<\/a><\/div><time datetime=\"2026-04-14T11:09:28+02:00\" class=\"wp-block-rss__item-publish-date\">14\/04\/2026<\/time> <\/li><\/ul><\/div>\n<\/div>\n","protected":false},"excerpt":{"rendered":"<p>Actualit\u00e9s Paroissiales<\/p>\n","protected":false},"author":1,"featured_media":0,"parent":0,"menu_order":1,"comment_status":"closed","ping_status":"closed","template":"","meta":{"_eb_attr":"","pgc_sgb_lightbox_settings":"","footnotes":""},"class_list":["post-1255","page","type-page","status-publish","hentry"],"yoast_head":"<!-- This site is optimized with the Yoast SEO plugin v27.5 - https:\/\/yoast.com\/product\/yoast-seo-wordpress\/ -->\n<title>Actualit\u00e9s du village - Histoire et historique du village d&#039;Orgueil<\/title>\n<meta name=\"robots\" content=\"index, follow, max-snippet:-1, max-image-preview:large, max-video-preview:-1\" \/>\n<link rel=\"canonical\" href=\"https:\/\/orgueil82.jvillain.fr\/?page_id=1255\" \/>\n<meta property=\"og:locale\" content=\"fr_FR\" \/>\n<meta property=\"og:type\" content=\"article\" \/>\n<meta property=\"og:title\" content=\"Actualit\u00e9s du village - Histoire et historique du village d&#039;Orgueil\" \/>\n<meta property=\"og:description\" content=\"Actualit\u00e9s Paroissiales\" \/>\n<meta property=\"og:url\" content=\"https:\/\/orgueil82.jvillain.fr\/?page_id=1255\" \/>\n<meta property=\"og:site_name\" content=\"Histoire et historique du village d&#039;Orgueil\" \/>\n<meta property=\"article:modified_time\" content=\"2025-11-28T11:55:42+00:00\" \/>\n<meta name=\"twitter:card\" content=\"summary_large_image\" \/>\n<meta name=\"twitter:label1\" content=\"Dur\u00e9e de lecture estim\u00e9e\" \/>\n\t<meta name=\"twitter:data1\" content=\"1 minute\" \/>\n<script type=\"application\/ld+json\" class=\"yoast-schema-graph\">{\"@context\":\"https:\\\/\\\/schema.org\",\"@graph\":[{\"@type\":\"WebPage\",\"@id\":\"https:\\\/\\\/orgueil82.jvillain.fr\\\/?page_id=1255\",\"url\":\"https:\\\/\\\/orgueil82.jvillain.fr\\\/?page_id=1255\",\"name\":\"Actualit\u00e9s du village - Histoire et historique du village d&#039;Orgueil\",\"isPartOf\":{\"@id\":\"https:\\\/\\\/orgueil82.jvillain.fr\\\/#website\"},\"datePublished\":\"2025-11-28T11:55:40+00:00\",\"dateModified\":\"2025-11-28T11:55:42+00:00\",\"breadcrumb\":{\"@id\":\"https:\\\/\\\/orgueil82.jvillain.fr\\\/?page_id=1255#breadcrumb\"},\"inLanguage\":\"fr-FR\",\"potentialAction\":[{\"@type\":\"ReadAction\",\"target\":[\"https:\\\/\\\/orgueil82.jvillain.fr\\\/?page_id=1255\"]}]},{\"@type\":\"BreadcrumbList\",\"@id\":\"https:\\\/\\\/orgueil82.jvillain.fr\\\/?page_id=1255#breadcrumb\",\"itemListElement\":[{\"@type\":\"ListItem\",\"position\":1,\"name\":\"Home\",\"item\":\"https:\\\/\\\/orgueil82.jvillain.fr\\\/\"},{\"@type\":\"ListItem\",\"position\":2,\"name\":\"Actualit\u00e9s du village\"}]},{\"@type\":\"WebSite\",\"@id\":\"https:\\\/\\\/orgueil82.jvillain.fr\\\/#website\",\"url\":\"https:\\\/\\\/orgueil82.jvillain.fr\\\/\",\"name\":\"Histoire et historique du village d'Orgueil\",\"description\":\"Vivre \u00e0 Orgueil - Tarn-et-Garonne\",\"publisher\":{\"@id\":\"https:\\\/\\\/orgueil82.jvillain.fr\\\/#organization\"},\"potentialAction\":[{\"@type\":\"SearchAction\",\"target\":{\"@type\":\"EntryPoint\",\"urlTemplate\":\"https:\\\/\\\/orgueil82.jvillain.fr\\\/?s={search_term_string}\"},\"query-input\":{\"@type\":\"PropertyValueSpecification\",\"valueRequired\":true,\"valueName\":\"search_term_string\"}}],\"inLanguage\":\"fr-FR\"},{\"@type\":\"Organization\",\"@id\":\"https:\\\/\\\/orgueil82.jvillain.fr\\\/#organization\",\"name\":\"Histoire et historique du village d'Orgueil\",\"url\":\"https:\\\/\\\/orgueil82.jvillain.fr\\\/\",\"logo\":{\"@type\":\"ImageObject\",\"inLanguage\":\"fr-FR\",\"@id\":\"https:\\\/\\\/orgueil82.jvillain.fr\\\/#\\\/schema\\\/logo\\\/image\\\/\",\"url\":\"https:\\\/\\\/orgueil82.jvillain.fr\\\/wp-content\\\/uploads\\\/Orgueil\\\/orgueil3.gif\",\"contentUrl\":\"https:\\\/\\\/orgueil82.jvillain.fr\\\/wp-content\\\/uploads\\\/Orgueil\\\/orgueil3.gif\",\"width\":93,\"height\":62,\"caption\":\"Histoire et historique du village d'Orgueil\"},\"image\":{\"@id\":\"https:\\\/\\\/orgueil82.jvillain.fr\\\/#\\\/schema\\\/logo\\\/image\\\/\"}}]}<\/script>\n<!-- \/ Yoast SEO plugin. -->","yoast_head_json":{"title":"Actualit\u00e9s du village - Histoire et historique du village d&#039;Orgueil","robots":{"index":"index","follow":"follow","max-snippet":"max-snippet:-1","max-image-preview":"max-image-preview:large","max-video-preview":"max-video-preview:-1"},"canonical":"https:\/\/orgueil82.jvillain.fr\/?page_id=1255","og_locale":"fr_FR","og_type":"article","og_title":"Actualit\u00e9s du village - Histoire et historique du village d&#039;Orgueil","og_description":"Actualit\u00e9s Paroissiales","og_url":"https:\/\/orgueil82.jvillain.fr\/?page_id=1255","og_site_name":"Histoire et historique du village d&#039;Orgueil","article_modified_time":"2025-11-28T11:55:42+00:00","twitter_card":"summary_large_image","twitter_misc":{"Dur\u00e9e de lecture estim\u00e9e":"1 minute"},"schema":{"@context":"https:\/\/schema.org","@graph":[{"@type":"WebPage","@id":"https:\/\/orgueil82.jvillain.fr\/?page_id=1255","url":"https:\/\/orgueil82.jvillain.fr\/?page_id=1255","name":"Actualit\u00e9s du village - Histoire et historique du village d&#039;Orgueil","isPartOf":{"@id":"https:\/\/orgueil82.jvillain.fr\/#website"},"datePublished":"2025-11-28T11:55:40+00:00","dateModified":"2025-11-28T11:55:42+00:00","breadcrumb":{"@id":"https:\/\/orgueil82.jvillain.fr\/?page_id=1255#breadcrumb"},"inLanguage":"fr-FR","potentialAction":[{"@type":"ReadAction","target":["https:\/\/orgueil82.jvillain.fr\/?page_id=1255"]}]},{"@type":"BreadcrumbList","@id":"https:\/\/orgueil82.jvillain.fr\/?page_id=1255#breadcrumb","itemListElement":[{"@type":"ListItem","position":1,"name":"Home","item":"https:\/\/orgueil82.jvillain.fr\/"},{"@type":"ListItem","position":2,"name":"Actualit\u00e9s du village"}]},{"@type":"WebSite","@id":"https:\/\/orgueil82.jvillain.fr\/#website","url":"https:\/\/orgueil82.jvillain.fr\/","name":"Histoire et historique du village d'Orgueil","description":"Vivre \u00e0 Orgueil - Tarn-et-Garonne","publisher":{"@id":"https:\/\/orgueil82.jvillain.fr\/#organization"},"potentialAction":[{"@type":"SearchAction","target":{"@type":"EntryPoint","urlTemplate":"https:\/\/orgueil82.jvillain.fr\/?s={search_term_string}"},"query-input":{"@type":"PropertyValueSpecification","valueRequired":true,"valueName":"search_term_string"}}],"inLanguage":"fr-FR"},{"@type":"Organization","@id":"https:\/\/orgueil82.jvillain.fr\/#organization","name":"Histoire et historique du village d'Orgueil","url":"https:\/\/orgueil82.jvillain.fr\/","logo":{"@type":"ImageObject","inLanguage":"fr-FR","@id":"https:\/\/orgueil82.jvillain.fr\/#\/schema\/logo\/image\/","url":"https:\/\/orgueil82.jvillain.fr\/wp-content\/uploads\/Orgueil\/orgueil3.gif","contentUrl":"https:\/\/orgueil82.jvillain.fr\/wp-content\/uploads\/Orgueil\/orgueil3.gif","width":93,"height":62,"caption":"Histoire et historique du village d'Orgueil"},"image":{"@id":"https:\/\/orgueil82.jvillain.fr\/#\/schema\/logo\/image\/"}}]}},"featured_image_src":null,"featured_image_src_square":null,"_links":{"self":[{"href":"https:\/\/orgueil82.jvillain.fr\/index.php?rest_route=\/wp\/v2\/pages\/1255","targetHints":{"allow":["GET"]}}],"collection":[{"href":"https:\/\/orgueil82.jvillain.fr\/index.php?rest_route=\/wp\/v2\/pages"}],"about":[{"href":"https:\/\/orgueil82.jvillain.fr\/index.php?rest_route=\/wp\/v2\/types\/page"}],"author":[{"embeddable":true,"href":"https:\/\/orgueil82.jvillain.fr\/index.php?rest_route=\/wp\/v2\/users\/1"}],"replies":[{"embeddable":true,"href":"https:\/\/orgueil82.jvillain.fr\/index.php?rest_route=%2Fwp%2Fv2%2Fcomments&post=1255"}],"version-history":[{"count":0,"href":"https:\/\/orgueil82.jvillain.fr\/index.php?rest_route=\/wp\/v2\/pages\/1255\/revisions"}],"wp:attachment":[{"href":"https:\/\/orgueil82.jvillain.fr\/index.php?rest_route=%2Fwp%2Fv2%2Fmedia&parent=1255"}],"curies":[{"name":"wp","href":"https:\/\/api.w.org\/{rel}","templated":true}]}}