{"id":1478,"date":"2025-09-22T00:29:01","date_gmt":"2025-09-21T22:29:01","guid":{"rendered":"https:\/\/orgueil82.jvillain.fr\/?page_id=1478"},"modified":"2025-09-22T00:29:03","modified_gmt":"2025-09-21T22:29:03","slug":"ceremonies-et-souvenir","status":"publish","type":"page","link":"https:\/\/orgueil82.jvillain.fr\/?page_id=1478","title":{"rendered":"C\u00e9r\u00e9monies et Souvenir"},"content":{"rendered":"\n<p>Les c\u00e9r\u00e9monies au monument aux morts du village depuis 2004<\/p>\n\n\n<ul class=\"wp-block-latest-posts__list wp-block-latest-posts\"><li><a class=\"wp-block-latest-posts__post-title\" href=\"https:\/\/orgueil82.jvillain.fr\/?p=3247\">C\u00e9r\u00e9monie du 11 novembre 2025<\/a><div class=\"wp-block-latest-posts__post-excerpt\">Monsieur le Maire et le conseil municipal avaient donn\u00e9 rendez vous \u00e0 la population \u00e0 17h30 ce mardi 11 novembre 2025 pour rendre hommage aux morts pour la France. Les &#8230; <a title=\"C\u00e9r\u00e9monie du 11 novembre 2025\" class=\"read-more\" href=\"https:\/\/orgueil82.jvillain.fr\/?p=3247\" aria-label=\"En savoir plus sur C\u00e9r\u00e9monie du 11 novembre 2025\">Lire la suite<\/a><\/div><\/li>\n<li><a class=\"wp-block-latest-posts__post-title\" href=\"https:\/\/orgueil82.jvillain.fr\/?p=1561\">C\u00e9r\u00e9monie du 8 mai 2025<\/a><div class=\"wp-block-latest-posts__post-excerpt\">Monsieur Willy Authesserre, Maire d&rsquo;Orgueil, et le conseil municipal avaient donn\u00e9 rendez vous \u00e0 la population \u00e0 17h30 ce jeudi 8 mai 2025 pour la traditionnelle c\u00e9r\u00e9monie de comm\u00e9moration du &#8230; <a title=\"C\u00e9r\u00e9monie du 8 mai 2025\" class=\"read-more\" href=\"https:\/\/orgueil82.jvillain.fr\/?p=1561\" aria-label=\"En savoir plus sur C\u00e9r\u00e9monie du 8 mai 2025\">Lire la suite<\/a><\/div><\/li>\n<li><a class=\"wp-block-latest-posts__post-title\" href=\"https:\/\/orgueil82.jvillain.fr\/?p=1411\">C\u00e9r\u00e9monie du 11 novembre 2024<\/a><div class=\"wp-block-latest-posts__post-excerpt\">Monsieur le Maire et le conseil municipal avaient donn\u00e9 rendez vous \u00e0 la population \u00e0 17h30 ce lundi 11 novembre 2024 pour rendre hommage aux morts pour la France. Un &#8230; <a title=\"C\u00e9r\u00e9monie du 11 novembre 2024\" class=\"read-more\" href=\"https:\/\/orgueil82.jvillain.fr\/?p=1411\" aria-label=\"En savoir plus sur C\u00e9r\u00e9monie du 11 novembre 2024\">Lire la suite<\/a><\/div><\/li>\n<li><a class=\"wp-block-latest-posts__post-title\" href=\"https:\/\/orgueil82.jvillain.fr\/?p=1184\">1er juin 2024 &#8211; Inauguration du nouvel emplacement du monument aux morts<\/a><div class=\"wp-block-latest-posts__post-excerpt\">Toute la population \u00e9tait invit\u00e9e \u00e0 la c\u00e9r\u00e9monie d&rsquo;inauguration du nouvel emplacement du monument aux morts, ce fut l&rsquo;occasion pour beaucoup de d\u00e9couvrir le nouveau visage des abords de la &#8230; <a title=\"1er juin 2024 &#8211; Inauguration du nouvel emplacement du monument aux morts\" class=\"read-more\" href=\"https:\/\/orgueil82.jvillain.fr\/?p=1184\" aria-label=\"En savoir plus sur 1er juin 2024 &#8211; Inauguration du nouvel emplacement du monument aux morts\">Lire la suite<\/a><\/div><\/li>\n<li><a class=\"wp-block-latest-posts__post-title\" href=\"https:\/\/orgueil82.jvillain.fr\/?p=1251\">C\u00e9r\u00e9monie du 8 mai 2024<\/a><div class=\"wp-block-latest-posts__post-excerpt\">Monsieur le Maire et le conseil municipal avaient donn\u00e9 rendez vous \u00e0 la population \u00e0 11h00 ce mercredi 8 mai 2024 pour la traditionnelle c\u00e9r\u00e9monie de comm\u00e9moration du 8 mai &#8230; <a title=\"C\u00e9r\u00e9monie du 8 mai 2024\" class=\"read-more\" href=\"https:\/\/orgueil82.jvillain.fr\/?p=1251\" aria-label=\"En savoir plus sur C\u00e9r\u00e9monie du 8 mai 2024\">Lire la suite<\/a><\/div><\/li>\n<\/ul>\n\n\n<p class=\"has-medium-font-size\"><strong>Pour les c\u00e9r\u00e9monies des ann\u00e9es pr\u00e9c\u00e9dentes cliquez <a href=\"https:\/\/orgueil82.jvillain.fr\/?page_id=2457\">ICI<\/a><\/strong><\/p>\n\n\n\n<hr class=\"wp-block-separator has-alpha-channel-opacity\"\/>\n","protected":false},"excerpt":{"rendered":"<p>Les c\u00e9r\u00e9monies au monument aux morts du village depuis 2004 Pour les c\u00e9r\u00e9monies des ann\u00e9es pr\u00e9c\u00e9dentes cliquez ICI<\/p>\n","protected":false},"author":1,"featured_media":0,"parent":1915,"menu_order":2,"comment_status":"closed","ping_status":"closed","template":"","meta":{"_eb_attr":"","pgc_sgb_lightbox_settings":"","footnotes":""},"class_list":["post-1478","page","type-page","status-publish"],"yoast_head":"<!-- This site is optimized with the Yoast SEO plugin v27.5 - https:\/\/yoast.com\/product\/yoast-seo-wordpress\/ -->\n<title>C\u00e9r\u00e9monies et Souvenir - Histoire et historique du village d&#039;Orgueil<\/title>\n<meta name=\"robots\" content=\"index, follow, max-snippet:-1, max-image-preview:large, max-video-preview:-1\" \/>\n<link rel=\"canonical\" href=\"https:\/\/orgueil82.jvillain.fr\/?page_id=1478\" \/>\n<meta property=\"og:locale\" content=\"fr_FR\" \/>\n<meta property=\"og:type\" content=\"article\" \/>\n<meta property=\"og:title\" content=\"C\u00e9r\u00e9monies et Souvenir - Histoire et historique du village d&#039;Orgueil\" \/>\n<meta property=\"og:description\" content=\"Les c\u00e9r\u00e9monies au monument aux morts du village depuis 2004 Pour les c\u00e9r\u00e9monies des ann\u00e9es pr\u00e9c\u00e9dentes cliquez ICI\" \/>\n<meta property=\"og:url\" content=\"https:\/\/orgueil82.jvillain.fr\/?page_id=1478\" \/>\n<meta property=\"og:site_name\" content=\"Histoire et historique du village d&#039;Orgueil\" \/>\n<meta property=\"article:modified_time\" content=\"2025-09-21T22:29:03+00:00\" \/>\n<meta name=\"twitter:card\" content=\"summary_large_image\" \/>\n<meta name=\"twitter:label1\" content=\"Dur\u00e9e de lecture estim\u00e9e\" \/>\n\t<meta name=\"twitter:data1\" content=\"1 minute\" \/>\n<script type=\"application\/ld+json\" class=\"yoast-schema-graph\">{\"@context\":\"https:\\\/\\\/schema.org\",\"@graph\":[{\"@type\":\"WebPage\",\"@id\":\"https:\\\/\\\/orgueil82.jvillain.fr\\\/?page_id=1478\",\"url\":\"https:\\\/\\\/orgueil82.jvillain.fr\\\/?page_id=1478\",\"name\":\"C\u00e9r\u00e9monies et Souvenir - Histoire et historique du village d&#039;Orgueil\",\"isPartOf\":{\"@id\":\"https:\\\/\\\/orgueil82.jvillain.fr\\\/#website\"},\"datePublished\":\"2025-09-21T22:29:01+00:00\",\"dateModified\":\"2025-09-21T22:29:03+00:00\",\"breadcrumb\":{\"@id\":\"https:\\\/\\\/orgueil82.jvillain.fr\\\/?page_id=1478#breadcrumb\"},\"inLanguage\":\"fr-FR\",\"potentialAction\":[{\"@type\":\"ReadAction\",\"target\":[\"https:\\\/\\\/orgueil82.jvillain.fr\\\/?page_id=1478\"]}]},{\"@type\":\"BreadcrumbList\",\"@id\":\"https:\\\/\\\/orgueil82.jvillain.fr\\\/?page_id=1478#breadcrumb\",\"itemListElement\":[{\"@type\":\"ListItem\",\"position\":1,\"name\":\"Home\",\"item\":\"https:\\\/\\\/orgueil82.jvillain.fr\\\/\"},{\"@type\":\"ListItem\",\"position\":2,\"name\":\"Histoire et Historique du village d&rsquo;Orgueil\",\"item\":\"https:\\\/\\\/orgueil82.jvillain.fr\\\/\"},{\"@type\":\"ListItem\",\"position\":3,\"name\":\"Monument aux Morts &#8211; Orgueil\",\"item\":\"https:\\\/\\\/orgueil82.jvillain.fr\\\/?page_id=1915\"},{\"@type\":\"ListItem\",\"position\":4,\"name\":\"C\u00e9r\u00e9monies et Souvenir\"}]},{\"@type\":\"WebSite\",\"@id\":\"https:\\\/\\\/orgueil82.jvillain.fr\\\/#website\",\"url\":\"https:\\\/\\\/orgueil82.jvillain.fr\\\/\",\"name\":\"Histoire et historique du village d'Orgueil\",\"description\":\"Vivre \u00e0 Orgueil - Tarn-et-Garonne\",\"publisher\":{\"@id\":\"https:\\\/\\\/orgueil82.jvillain.fr\\\/#organization\"},\"potentialAction\":[{\"@type\":\"SearchAction\",\"target\":{\"@type\":\"EntryPoint\",\"urlTemplate\":\"https:\\\/\\\/orgueil82.jvillain.fr\\\/?s={search_term_string}\"},\"query-input\":{\"@type\":\"PropertyValueSpecification\",\"valueRequired\":true,\"valueName\":\"search_term_string\"}}],\"inLanguage\":\"fr-FR\"},{\"@type\":\"Organization\",\"@id\":\"https:\\\/\\\/orgueil82.jvillain.fr\\\/#organization\",\"name\":\"Histoire et historique du village d'Orgueil\",\"url\":\"https:\\\/\\\/orgueil82.jvillain.fr\\\/\",\"logo\":{\"@type\":\"ImageObject\",\"inLanguage\":\"fr-FR\",\"@id\":\"https:\\\/\\\/orgueil82.jvillain.fr\\\/#\\\/schema\\\/logo\\\/image\\\/\",\"url\":\"https:\\\/\\\/orgueil82.jvillain.fr\\\/wp-content\\\/uploads\\\/Orgueil\\\/orgueil3.gif\",\"contentUrl\":\"https:\\\/\\\/orgueil82.jvillain.fr\\\/wp-content\\\/uploads\\\/Orgueil\\\/orgueil3.gif\",\"width\":93,\"height\":62,\"caption\":\"Histoire et historique du village d'Orgueil\"},\"image\":{\"@id\":\"https:\\\/\\\/orgueil82.jvillain.fr\\\/#\\\/schema\\\/logo\\\/image\\\/\"}}]}<\/script>\n<!-- \/ Yoast SEO plugin. -->","yoast_head_json":{"title":"C\u00e9r\u00e9monies et Souvenir - Histoire et historique du village d&#039;Orgueil","robots":{"index":"index","follow":"follow","max-snippet":"max-snippet:-1","max-image-preview":"max-image-preview:large","max-video-preview":"max-video-preview:-1"},"canonical":"https:\/\/orgueil82.jvillain.fr\/?page_id=1478","og_locale":"fr_FR","og_type":"article","og_title":"C\u00e9r\u00e9monies et Souvenir - Histoire et historique du village d&#039;Orgueil","og_description":"Les c\u00e9r\u00e9monies au monument aux morts du village depuis 2004 Pour les c\u00e9r\u00e9monies des ann\u00e9es pr\u00e9c\u00e9dentes cliquez ICI","og_url":"https:\/\/orgueil82.jvillain.fr\/?page_id=1478","og_site_name":"Histoire et historique du village d&#039;Orgueil","article_modified_time":"2025-09-21T22:29:03+00:00","twitter_card":"summary_large_image","twitter_misc":{"Dur\u00e9e de lecture estim\u00e9e":"1 minute"},"schema":{"@context":"https:\/\/schema.org","@graph":[{"@type":"WebPage","@id":"https:\/\/orgueil82.jvillain.fr\/?page_id=1478","url":"https:\/\/orgueil82.jvillain.fr\/?page_id=1478","name":"C\u00e9r\u00e9monies et Souvenir - Histoire et historique du village d&#039;Orgueil","isPartOf":{"@id":"https:\/\/orgueil82.jvillain.fr\/#website"},"datePublished":"2025-09-21T22:29:01+00:00","dateModified":"2025-09-21T22:29:03+00:00","breadcrumb":{"@id":"https:\/\/orgueil82.jvillain.fr\/?page_id=1478#breadcrumb"},"inLanguage":"fr-FR","potentialAction":[{"@type":"ReadAction","target":["https:\/\/orgueil82.jvillain.fr\/?page_id=1478"]}]},{"@type":"BreadcrumbList","@id":"https:\/\/orgueil82.jvillain.fr\/?page_id=1478#breadcrumb","itemListElement":[{"@type":"ListItem","position":1,"name":"Home","item":"https:\/\/orgueil82.jvillain.fr\/"},{"@type":"ListItem","position":2,"name":"Histoire et Historique du village d&rsquo;Orgueil","item":"https:\/\/orgueil82.jvillain.fr\/"},{"@type":"ListItem","position":3,"name":"Monument aux Morts &#8211; Orgueil","item":"https:\/\/orgueil82.jvillain.fr\/?page_id=1915"},{"@type":"ListItem","position":4,"name":"C\u00e9r\u00e9monies et Souvenir"}]},{"@type":"WebSite","@id":"https:\/\/orgueil82.jvillain.fr\/#website","url":"https:\/\/orgueil82.jvillain.fr\/","name":"Histoire et historique du village d'Orgueil","description":"Vivre \u00e0 Orgueil - Tarn-et-Garonne","publisher":{"@id":"https:\/\/orgueil82.jvillain.fr\/#organization"},"potentialAction":[{"@type":"SearchAction","target":{"@type":"EntryPoint","urlTemplate":"https:\/\/orgueil82.jvillain.fr\/?s={search_term_string}"},"query-input":{"@type":"PropertyValueSpecification","valueRequired":true,"valueName":"search_term_string"}}],"inLanguage":"fr-FR"},{"@type":"Organization","@id":"https:\/\/orgueil82.jvillain.fr\/#organization","name":"Histoire et historique du village d'Orgueil","url":"https:\/\/orgueil82.jvillain.fr\/","logo":{"@type":"ImageObject","inLanguage":"fr-FR","@id":"https:\/\/orgueil82.jvillain.fr\/#\/schema\/logo\/image\/","url":"https:\/\/orgueil82.jvillain.fr\/wp-content\/uploads\/Orgueil\/orgueil3.gif","contentUrl":"https:\/\/orgueil82.jvillain.fr\/wp-content\/uploads\/Orgueil\/orgueil3.gif","width":93,"height":62,"caption":"Histoire et historique du village d'Orgueil"},"image":{"@id":"https:\/\/orgueil82.jvillain.fr\/#\/schema\/logo\/image\/"}}]}},"featured_image_src":null,"featured_image_src_square":null,"_links":{"self":[{"href":"https:\/\/orgueil82.jvillain.fr\/index.php?rest_route=\/wp\/v2\/pages\/1478","targetHints":{"allow":["GET"]}}],"collection":[{"href":"https:\/\/orgueil82.jvillain.fr\/index.php?rest_route=\/wp\/v2\/pages"}],"about":[{"href":"https:\/\/orgueil82.jvillain.fr\/index.php?rest_route=\/wp\/v2\/types\/page"}],"author":[{"embeddable":true,"href":"https:\/\/orgueil82.jvillain.fr\/index.php?rest_route=\/wp\/v2\/users\/1"}],"replies":[{"embeddable":true,"href":"https:\/\/orgueil82.jvillain.fr\/index.php?rest_route=%2Fwp%2Fv2%2Fcomments&post=1478"}],"version-history":[{"count":0,"href":"https:\/\/orgueil82.jvillain.fr\/index.php?rest_route=\/wp\/v2\/pages\/1478\/revisions"}],"up":[{"embeddable":true,"href":"https:\/\/orgueil82.jvillain.fr\/index.php?rest_route=\/wp\/v2\/pages\/1915"}],"wp:attachment":[{"href":"https:\/\/orgueil82.jvillain.fr\/index.php?rest_route=%2Fwp%2Fv2%2Fmedia&parent=1478"}],"curies":[{"name":"wp","href":"https:\/\/api.w.org\/{rel}","templated":true}]}}

Cérémonies et Souvenir

<p>Les cérémonies au monument aux morts du village depuis 2004</p>


<ul class="wp-block-latest-posts__list wp-block-latest-posts"><li><a class="wp-block-latest-posts__post-title" href="https://orgueil82.jvillain.fr/?p=3247">Cérémonie du 11 novembre 2025</a><div class="wp-block-latest-posts__post-excerpt">Monsieur le Maire et le conseil municipal avaient donné rendez vous à la population à 17h30 ce mardi 11 novembre 2025 pour rendre hommage aux morts pour la France. Les &#8230; <a title="Cérémonie du 11 novembre 2025" class="read-more" href="https://orgueil82.jvillain.fr/?p=3247" aria-label="En savoir plus sur Cérémonie du 11 novembre 2025">Lire la suite</a></div></li>
<li><a class="wp-block-latest-posts__post-title" href="https://orgueil82.jvillain.fr/?p=1561">Cérémonie du 8 mai 2025</a><div class="wp-block-latest-posts__post-excerpt">Monsieur Willy Authesserre, Maire d&rsquo;Orgueil, et le conseil municipal avaient donné rendez vous à la population à 17h30 ce jeudi 8 mai 2025 pour la traditionnelle cérémonie de commémoration du &#8230; <a title="Cérémonie du 8 mai 2025" class="read-more" href="https://orgueil82.jvillain.fr/?p=1561" aria-label="En savoir plus sur Cérémonie du 8 mai 2025">Lire la suite</a></div></li>
<li><a class="wp-block-latest-posts__post-title" href="https://orgueil82.jvillain.fr/?p=1411">Cérémonie du 11 novembre 2024</a><div class="wp-block-latest-posts__post-excerpt">Monsieur le Maire et le conseil municipal avaient donné rendez vous à la population à 17h30 ce lundi 11 novembre 2024 pour rendre hommage aux morts pour la France. Un &#8230; <a title="Cérémonie du 11 novembre 2024" class="read-more" href="https://orgueil82.jvillain.fr/?p=1411" aria-label="En savoir plus sur Cérémonie du 11 novembre 2024">Lire la suite</a></div></li>
<li><a class="wp-block-latest-posts__post-title" href="https://orgueil82.jvillain.fr/?p=1184">1er juin 2024 &#8211; Inauguration du nouvel emplacement du monument aux morts</a><div class="wp-block-latest-posts__post-excerpt">Toute la population était invitée à la cérémonie d&rsquo;inauguration du nouvel emplacement du monument aux morts, ce fut l&rsquo;occasion pour beaucoup de découvrir le nouveau visage des abords de la &#8230; <a title="1er juin 2024 &#8211; Inauguration du nouvel emplacement du monument aux morts" class="read-more" href="https://orgueil82.jvillain.fr/?p=1184" aria-label="En savoir plus sur 1er juin 2024 &#8211; Inauguration du nouvel emplacement du monument aux morts">Lire la suite</a></div></li>
<li><a class="wp-block-latest-posts__post-title" href="https://orgueil82.jvillain.fr/?p=1251">Cérémonie du 8 mai 2024</a><div class="wp-block-latest-posts__post-excerpt">Monsieur le Maire et le conseil municipal avaient donné rendez vous à la population à 11h00 ce mercredi 8 mai 2024 pour la traditionnelle cérémonie de commémoration du 8 mai &#8230; <a title="Cérémonie du 8 mai 2024" class="read-more" href="https://orgueil82.jvillain.fr/?p=1251" aria-label="En savoir plus sur Cérémonie du 8 mai 2024">Lire la suite</a></div></li>
</ul>


<p class="has-medium-font-size"><strong>Pour les cérémonies des années précédentes cliquez <a href="https://orgueil82.jvillain.fr/?page_id=2457">ICI</a></strong></p>



<hr class="wp-block-separator has-alpha-channel-opacity"/>

<p>Les cérémonies au monument aux morts du village depuis 2004 Pour les cérémonies des années précédentes cliquez ICI</p>

<!-- This site is optimized with the Yoast SEO plugin v27.5 - https://yoast.com/product/yoast-seo-wordpress/ -->
<title>Cérémonies et Souvenir - Histoire et historique du village d&#039;Orgueil</title>
<meta name="robots" content="index, follow, max-snippet:-1, max-image-preview:large, max-video-preview:-1" />
<link rel="canonical" href="https://orgueil82.jvillain.fr/?page_id=1478" />
<meta property="og:locale" content="fr_FR" />
<meta property="og:type" content="article" />
<meta property="og:title" content="Cérémonies et Souvenir - Histoire et historique du village d&#039;Orgueil" />
<meta property="og:description" content="Les cérémonies au monument aux morts du village depuis 2004 Pour les cérémonies des années précédentes cliquez ICI" />
<meta property="og:url" content="https://orgueil82.jvillain.fr/?page_id=1478" />
<meta property="og:site_name" content="Histoire et historique du village d&#039;Orgueil" />
<meta property="article:modified_time" content="2025-09-21T22:29:03+00:00" />
<meta name="twitter:card" content="summary_large_image" />
<meta name="twitter:label1" content="Durée de lecture estimée" />
	<meta name="twitter:data1" content="1 minute" />
<script type="application/ld+json" class="yoast-schema-graph">{"@context":"https:\/\/schema.org","@graph":[{"@type":"WebPage","@id":"https:\/\/orgueil82.jvillain.fr\/?page_id=1478","url":"https:\/\/orgueil82.jvillain.fr\/?page_id=1478","name":"Cérémonies et Souvenir - Histoire et historique du village d&#039;Orgueil","isPartOf":{"@id":"https:\/\/orgueil82.jvillain.fr\/#website"},"datePublished":"2025-09-21T22:29:01+00:00","dateModified":"2025-09-21T22:29:03+00:00","breadcrumb":{"@id":"https:\/\/orgueil82.jvillain.fr\/?page_id=1478#breadcrumb"},"inLanguage":"fr-FR","potentialAction":[{"@type":"ReadAction","target":["https:\/\/orgueil82.jvillain.fr\/?page_id=1478"]}]},{"@type":"BreadcrumbList","@id":"https:\/\/orgueil82.jvillain.fr\/?page_id=1478#breadcrumb","itemListElement":[{"@type":"ListItem","position":1,"name":"Home","item":"https:\/\/orgueil82.jvillain.fr\/"},{"@type":"ListItem","position":2,"name":"Histoire et Historique du village d&rsquo;Orgueil","item":"https:\/\/orgueil82.jvillain.fr\/"},{"@type":"ListItem","position":3,"name":"Monument aux Morts &#8211; Orgueil","item":"https:\/\/orgueil82.jvillain.fr\/?page_id=1915"},{"@type":"ListItem","position":4,"name":"Cérémonies et Souvenir"}]},{"@type":"WebSite","@id":"https:\/\/orgueil82.jvillain.fr\/#website","url":"https:\/\/orgueil82.jvillain.fr\/","name":"Histoire et historique du village d'Orgueil","description":"Vivre à Orgueil - Tarn-et-Garonne","publisher":{"@id":"https:\/\/orgueil82.jvillain.fr\/#organization"},"potentialAction":[{"@type":"SearchAction","target":{"@type":"EntryPoint","urlTemplate":"https:\/\/orgueil82.jvillain.fr\/?s={search_term_string}"},"query-input":{"@type":"PropertyValueSpecification","valueRequired":true,"valueName":"search_term_string"}}],"inLanguage":"fr-FR"},{"@type":"Organization","@id":"https:\/\/orgueil82.jvillain.fr\/#organization","name":"Histoire et historique du village d'Orgueil","url":"https:\/\/orgueil82.jvillain.fr\/","logo":{"@type":"ImageObject","inLanguage":"fr-FR","@id":"https:\/\/orgueil82.jvillain.fr\/#\/schema\/logo\/image\/","url":"https:\/\/orgueil82.jvillain.fr\/wp-content\/uploads\/Orgueil\/orgueil3.gif","contentUrl":"https:\/\/orgueil82.jvillain.fr\/wp-content\/uploads\/Orgueil\/orgueil3.gif","width":93,"height":62,"caption":"Histoire et historique du village d'Orgueil"},"image":{"@id":"https:\/\/orgueil82.jvillain.fr\/#\/schema\/logo\/image\/"}}]}</script>
<!-- / Yoast SEO plugin. -->

Cérémonies et Souvenir - Histoire et historique du village d&#039;Orgueil

Les cérémonies au monument aux morts du village depuis 2004 Pour les cérémonies des années précédentes cliquez ICI

Vivre à Orgueil - Tarn-et-Garonne
