{"id":1694,"date":"2025-07-09T18:16:59","date_gmt":"2025-07-09T16:16:59","guid":{"rendered":"https:\/\/orgueil82.jvillain.fr\/?page_id=1694"},"modified":"2025-09-08T13:01:43","modified_gmt":"2025-09-08T11:01:43","slug":"conscrits-guerre-14-18-orgueil-82","status":"publish","type":"page","link":"https:\/\/orgueil82.jvillain.fr\/?page_id=1694","title":{"rendered":"Conscrits 1914-1918"},"content":{"rendered":"\n<h2 id=\"les-hommes-nes-ou-habitant-a-orgueil-mobilises-pendant-la-1re-guerre-mondiale\" class=\"wp-block-heading has-text-align-center has-accent-color has-text-color has-link-color wp-elements-21458d053de4b58a6672db4d23dba841\"><strong>Les hommes n\u00e9s ou habitant \u00e0 Orgueil mobilis\u00e9s<\/strong> <strong> pendant la 1re guerre mondiale<\/strong><\/h2>\n\n\n\n<p>Au recensement de 1911 la commune d&rsquo;Orgueil compte 157 maisons, 127 m\u00e9nages et&nbsp;<strong>445 habitants<\/strong>. Sur les 445 habitants, 141 ont moins de 20 ans, 116 ont entre 20 et 39 ans, 111 ont entre 40 et 59 ans et 87 ont plus de 59 ans.<\/p>\n\n\n\n<p>En 1914 le service militaire est obligatoire pour tous les hommes. Tous les hommes ag\u00e8s de 21 ans, sauf incapacit\u00e9, doivent accomplir leur service militaire. A la fin du service militaire (en 1913 la dur\u00e9e du service militaire est pass\u00e9e de 2 ans \u00e0 3 ans), ils sont int\u00e9gr\u00e9s dans les forces de r\u00e9serve pendant 11 ans puis dans les forces territoriales et ils ne sont d\u00e9gag\u00e9s des obligations miitaires qu&rsquo;\u00e0 l&rsquo;\u00e2ge de 49 ans. Les hommes sont recens\u00e9s par classe d&rsquo;\u00e2ge. La Classe est l&rsquo;ann\u00e9e de leur naissance + 20 ans, 20 ans \u00e9tant l&rsquo;\u00e2ge auquel on recense les hommes dans chaque canton. Il faut noter que m\u00eame si un homme est d\u00e9clar\u00e9 inapte au service militaire, il peut \u00eatre soumis aux obligations de service militaire dans les services auxilaires, pour ne pas faire son service militaire il faut \u00eatre exempt\u00e9. Certains hommes sont aussi des \u00ab\u00a0affect\u00e9s sp\u00e9ciaux\u00a0\u00bb, ils ont des m\u00e9tiers ou des formations qui les fait rentrer dans des cat\u00e9gories sp\u00e9cifiques : douaniers, gardes forestiers, employ\u00e9s des chemins de fer, employ\u00e9s des Postes et t\u00e9l\u00e9graphes, marins&#8230; ces hommes peuvent \u00eatre mobilis\u00e9s dans leur travail (ils restent \u00e0 leur poste de travail civil) ou affect\u00e9s \u00e0 des unit\u00e9s sp\u00e9cialis\u00e9es au fur et \u00e0 mesure des besoins, ils peuvent aussi \u00eatre d\u00e9classifi\u00e9s et remis \u00e0 la disposition de l&rsquo;Arm\u00e9e qui les affectera dans des unit\u00e9s de l&rsquo;Arm\u00e9e de terre. Les marins, et la Marine Nationale, ont des r\u00e8gles de conscription, des dur\u00e9es de service militaire et des r\u00e8gles de mobilisation diff\u00e9rentes des autres armes.<\/p>\n\n\n\n<p>Le 1er ao\u00fbt 1914 quand l&rsquo;ordre de mobilisation g\u00e9n\u00e9rale est publi\u00e9, tous les r\u00e9servistes et territoriaux doivent se conformer aux instructions contenues dans leur carnet militaire. Les classes les plus jeunes doivent rejoindre imm\u00e9diatement leur r\u00e9giment d&rsquo;affectation, les classes les plus ag\u00e9es doivent rejoindre leur r\u00e9giment d&rsquo;affectation au moment o\u00f9 leur classe sera mobilis\u00e9e.En a\u00f4ut 1914 seront mobilis\u00e9es im\u00e9diatement les Classes de 1896 \u00e0 1913 (les Classes 1911, 1912 et 1913 sont sous les drapeaux et les permissionnaires doivent rejoindre leur Corps imm\u00e9diatement), donc les hommes ayant entre 21 et 38 ans sont mobilis\u00e9s imm\u00e9diatement. D\u00e8s d\u00e9but ao\u00fbt les classes 1893 \u00e0 1895 seront mobilis\u00e9s et une partie des classes de 1887 \u00e0 1892 le seront d\u00e8s le 16 ao\u00fbt, les classes 1887 \u00e0 1892 seront totalement mobilis\u00e9es avant la fin de l&rsquo;ann\u00e9e 1915.<\/p>\n\n\n\n<p>Les hommes qui, en ao\u00fbt 1914, \u00e9taient en train d&rsquo;effectuer leur service militaire seront maintenus automatiquement dans l&rsquo;arm\u00e9e m\u00eame si leur temps de service se termine pendant le conflit. Ils \u00e9taient environ 800 000 sous les drapeaux en ao\u00fbt 1914. Environ 3 000 000 de r\u00e9servistes et de territoriaux vont les rejoindre d\u00e8s ao\u00fbt 1914, entre le 02\/08 et le 18\/08\/1914 ces 3 000 000 d&rsquo;hommes seront transport\u00e9s, habill\u00e9s et arm\u00e9s !!. Pr\u00e8s de 8 500 000 hommes seront mobilsi\u00e9s pendant le conflit. Les Classes les plus anciennes seront rappel\u00e9es et les Classes 1914, 1915, 1916, 1917, 1918, 1919 seront appel\u00e9es au service militaire en avance de date et engag\u00e9es dans les combats. Certains devanceront l&rsquo;appel de leur Classe en s&rsquo;engageant avant leur 21e anniversaire, on peut s&rsquo;engager d\u00e8s l&rsquo;age de 17 ans. En 1914 il y aura 71 000 engag\u00e9s volontaires, 26 000 sont des \u00e9trangers : alsaciens-lorrains, italiens, polonais &#8230;. Des hommes qui ne sont plus soumis aux obligations militaires s&rsquo;engageront eux aussi pour aller combattre. Des hommes exempt\u00e9s ou dispens\u00e9s de servcies militaires seront convoqu\u00e9s par les commissions de r\u00e9forme pour les re-examiner, beaucoup se verront reconnus apte aux services auxilaires ou au service arm\u00e9, certains exempt\u00e9s demanderont \u00e0 s&rsquo;engager pour rejoindre les combats.<\/p>\n\n\n\n<p>Le 1er ao\u00fbt 1914 des soldats n\u00e9s \u00e0 Orgueil, des \u00ab\u00a0enfants\u00a0\u00bb d&rsquo;Orgueil, \u00e9taient en train d&rsquo;effectuer leur service militaire et une grande partie des hommes n\u00e9s \u00e0 Orgueil ou r\u00e9sidants \u00e0 Orgueil ont \u00e9t\u00e9 mobilis\u00e9s, o\u00f9 ils le seront pendant le conflit.<\/p>\n\n\n\n<p id=\"n\u00e9s \u00e0 Orgueil ou r\u00e9sidant \u00e0 orgueil. Les listes obtenues ne sont pas exhaustive du fait que \">Grace au projet Grand m\u00e9morial, il est possible de trouver les noms des soldats n\u00e9s ou r\u00e9sidants \u00e0 Orgueil. Les informations collect\u00e9es dans ce projet national ont maintenant \u00e9t\u00e9 int\u00e9gr\u00e9s dans la base des noms de <a href=\"https:\/\/francearchives.gouv.fr\/fr\/basedenoms\" target=\"_blank\" rel=\"noreferrer noopener\">FranceArchives<\/a>.  La base n&rsquo;est pas exhaustive du fait qu&rsquo;\u00e0 ce jour toutes les fiches matricules de tous les d\u00e9partements n&rsquo;avaient pas \u00e9t\u00e9 int\u00e9gr\u00e9es dans le Grand M\u00e9morial et du fait que toutes les fiches matricules ne sont pas totalement index\u00e9es (les d\u00e9tails ne sont pas pr\u00e9sents dans la base). Mais cela permet quand m\u00eame d&rsquo;avoir une vision assez claire sur les hommes d&rsquo;Orgueil qui ont particip\u00e9 au conflit.<\/p>\n\n\n\n<p>Sur le Grand m\u00e9morial\u00a0<strong>on comptabilisait 116 soldats n\u00e9s \u00e0 Orgueil et 105 r\u00e9sidants \u00e0 Orgueil.\u00a0<\/strong>Une analyse est en cours pour d\u00e9terminer combien des ces hommes sont all\u00e9s combattre.<\/p>\n","protected":false},"excerpt":{"rendered":"<p>Les hommes n\u00e9s ou habitant \u00e0 Orgueil mobilis\u00e9s pendant la 1re guerre mondiale Au recensement de 1911 la commune d&rsquo;Orgueil compte 157 maisons, 127 m\u00e9nages et&nbsp;445 habitants. Sur les 445 habitants, 141 ont moins de 20 ans, 116 ont entre 20 et 39 ans, 111 ont entre 40 et 59 ans et 87 ont plus &#8230; <a title=\"Conscrits 1914-1918\" class=\"read-more\" href=\"https:\/\/orgueil82.jvillain.fr\/?page_id=1694\" aria-label=\"En savoir plus sur Conscrits 1914-1918\">Lire la suite<\/a><\/p>\n","protected":false},"author":1,"featured_media":0,"parent":1915,"menu_order":6,"comment_status":"closed","ping_status":"closed","template":"","meta":{"_eb_attr":"","pgc_sgb_lightbox_settings":"","footnotes":""},"class_list":["post-1694","page","type-page","status-publish"],"yoast_head":"<!-- This site is optimized with the Yoast SEO plugin v27.5 - https:\/\/yoast.com\/product\/yoast-seo-wordpress\/ -->\n<title>Conscrits 1914-1918 - Histoire et historique du village d&#039;Orgueil<\/title>\n<meta name=\"robots\" content=\"index, follow, max-snippet:-1, max-image-preview:large, max-video-preview:-1\" \/>\n<link rel=\"canonical\" href=\"https:\/\/orgueil82.jvillain.fr\/?page_id=1694\" \/>\n<meta property=\"og:locale\" content=\"fr_FR\" \/>\n<meta property=\"og:type\" content=\"article\" \/>\n<meta property=\"og:title\" content=\"Conscrits 1914-1918 - Histoire et historique du village d&#039;Orgueil\" \/>\n<meta property=\"og:description\" content=\"Les hommes n\u00e9s ou habitant \u00e0 Orgueil mobilis\u00e9s pendant la 1re guerre mondiale Au recensement de 1911 la commune d&rsquo;Orgueil compte 157 maisons, 127 m\u00e9nages et&nbsp;445 habitants. Sur les 445 habitants, 141 ont moins de 20 ans, 116 ont entre 20 et 39 ans, 111 ont entre 40 et 59 ans et 87 ont plus ... Lire la suite\" \/>\n<meta property=\"og:url\" content=\"https:\/\/orgueil82.jvillain.fr\/?page_id=1694\" \/>\n<meta property=\"og:site_name\" content=\"Histoire et historique du village d&#039;Orgueil\" \/>\n<meta property=\"article:modified_time\" content=\"2025-09-08T11:01:43+00:00\" \/>\n<meta name=\"twitter:card\" content=\"summary_large_image\" \/>\n<meta name=\"twitter:label1\" content=\"Dur\u00e9e de lecture estim\u00e9e\" \/>\n\t<meta name=\"twitter:data1\" content=\"5 minutes\" \/>\n<script type=\"application\/ld+json\" class=\"yoast-schema-graph\">{\"@context\":\"https:\\\/\\\/schema.org\",\"@graph\":[{\"@type\":\"WebPage\",\"@id\":\"https:\\\/\\\/orgueil82.jvillain.fr\\\/?page_id=1694\",\"url\":\"https:\\\/\\\/orgueil82.jvillain.fr\\\/?page_id=1694\",\"name\":\"Conscrits 1914-1918 - Histoire et historique du village d&#039;Orgueil\",\"isPartOf\":{\"@id\":\"https:\\\/\\\/orgueil82.jvillain.fr\\\/#website\"},\"datePublished\":\"2025-07-09T16:16:59+00:00\",\"dateModified\":\"2025-09-08T11:01:43+00:00\",\"breadcrumb\":{\"@id\":\"https:\\\/\\\/orgueil82.jvillain.fr\\\/?page_id=1694#breadcrumb\"},\"inLanguage\":\"fr-FR\",\"potentialAction\":[{\"@type\":\"ReadAction\",\"target\":[\"https:\\\/\\\/orgueil82.jvillain.fr\\\/?page_id=1694\"]}]},{\"@type\":\"BreadcrumbList\",\"@id\":\"https:\\\/\\\/orgueil82.jvillain.fr\\\/?page_id=1694#breadcrumb\",\"itemListElement\":[{\"@type\":\"ListItem\",\"position\":1,\"name\":\"Home\",\"item\":\"https:\\\/\\\/orgueil82.jvillain.fr\\\/\"},{\"@type\":\"ListItem\",\"position\":2,\"name\":\"Histoire et Historique du village d&rsquo;Orgueil\",\"item\":\"https:\\\/\\\/orgueil82.jvillain.fr\\\/\"},{\"@type\":\"ListItem\",\"position\":3,\"name\":\"Monument aux Morts &#8211; Orgueil\",\"item\":\"https:\\\/\\\/orgueil82.jvillain.fr\\\/?page_id=1915\"},{\"@type\":\"ListItem\",\"position\":4,\"name\":\"Conscrits 1914-1918\"}]},{\"@type\":\"WebSite\",\"@id\":\"https:\\\/\\\/orgueil82.jvillain.fr\\\/#website\",\"url\":\"https:\\\/\\\/orgueil82.jvillain.fr\\\/\",\"name\":\"Histoire et historique du village d'Orgueil\",\"description\":\"Vivre \u00e0 Orgueil - Tarn-et-Garonne\",\"publisher\":{\"@id\":\"https:\\\/\\\/orgueil82.jvillain.fr\\\/#organization\"},\"potentialAction\":[{\"@type\":\"SearchAction\",\"target\":{\"@type\":\"EntryPoint\",\"urlTemplate\":\"https:\\\/\\\/orgueil82.jvillain.fr\\\/?s={search_term_string}\"},\"query-input\":{\"@type\":\"PropertyValueSpecification\",\"valueRequired\":true,\"valueName\":\"search_term_string\"}}],\"inLanguage\":\"fr-FR\"},{\"@type\":\"Organization\",\"@id\":\"https:\\\/\\\/orgueil82.jvillain.fr\\\/#organization\",\"name\":\"Histoire et historique du village d'Orgueil\",\"url\":\"https:\\\/\\\/orgueil82.jvillain.fr\\\/\",\"logo\":{\"@type\":\"ImageObject\",\"inLanguage\":\"fr-FR\",\"@id\":\"https:\\\/\\\/orgueil82.jvillain.fr\\\/#\\\/schema\\\/logo\\\/image\\\/\",\"url\":\"https:\\\/\\\/orgueil82.jvillain.fr\\\/wp-content\\\/uploads\\\/Orgueil\\\/orgueil3.gif\",\"contentUrl\":\"https:\\\/\\\/orgueil82.jvillain.fr\\\/wp-content\\\/uploads\\\/Orgueil\\\/orgueil3.gif\",\"width\":93,\"height\":62,\"caption\":\"Histoire et historique du village d'Orgueil\"},\"image\":{\"@id\":\"https:\\\/\\\/orgueil82.jvillain.fr\\\/#\\\/schema\\\/logo\\\/image\\\/\"}}]}<\/script>\n<!-- \/ Yoast SEO plugin. -->","yoast_head_json":{"title":"Conscrits 1914-1918 - Histoire et historique du village d&#039;Orgueil","robots":{"index":"index","follow":"follow","max-snippet":"max-snippet:-1","max-image-preview":"max-image-preview:large","max-video-preview":"max-video-preview:-1"},"canonical":"https:\/\/orgueil82.jvillain.fr\/?page_id=1694","og_locale":"fr_FR","og_type":"article","og_title":"Conscrits 1914-1918 - Histoire et historique du village d&#039;Orgueil","og_description":"Les hommes n\u00e9s ou habitant \u00e0 Orgueil mobilis\u00e9s pendant la 1re guerre mondiale Au recensement de 1911 la commune d&rsquo;Orgueil compte 157 maisons, 127 m\u00e9nages et&nbsp;445 habitants. Sur les 445 habitants, 141 ont moins de 20 ans, 116 ont entre 20 et 39 ans, 111 ont entre 40 et 59 ans et 87 ont plus ... Lire la suite","og_url":"https:\/\/orgueil82.jvillain.fr\/?page_id=1694","og_site_name":"Histoire et historique du village d&#039;Orgueil","article_modified_time":"2025-09-08T11:01:43+00:00","twitter_card":"summary_large_image","twitter_misc":{"Dur\u00e9e de lecture estim\u00e9e":"5 minutes"},"schema":{"@context":"https:\/\/schema.org","@graph":[{"@type":"WebPage","@id":"https:\/\/orgueil82.jvillain.fr\/?page_id=1694","url":"https:\/\/orgueil82.jvillain.fr\/?page_id=1694","name":"Conscrits 1914-1918 - Histoire et historique du village d&#039;Orgueil","isPartOf":{"@id":"https:\/\/orgueil82.jvillain.fr\/#website"},"datePublished":"2025-07-09T16:16:59+00:00","dateModified":"2025-09-08T11:01:43+00:00","breadcrumb":{"@id":"https:\/\/orgueil82.jvillain.fr\/?page_id=1694#breadcrumb"},"inLanguage":"fr-FR","potentialAction":[{"@type":"ReadAction","target":["https:\/\/orgueil82.jvillain.fr\/?page_id=1694"]}]},{"@type":"BreadcrumbList","@id":"https:\/\/orgueil82.jvillain.fr\/?page_id=1694#breadcrumb","itemListElement":[{"@type":"ListItem","position":1,"name":"Home","item":"https:\/\/orgueil82.jvillain.fr\/"},{"@type":"ListItem","position":2,"name":"Histoire et Historique du village d&rsquo;Orgueil","item":"https:\/\/orgueil82.jvillain.fr\/"},{"@type":"ListItem","position":3,"name":"Monument aux Morts &#8211; Orgueil","item":"https:\/\/orgueil82.jvillain.fr\/?page_id=1915"},{"@type":"ListItem","position":4,"name":"Conscrits 1914-1918"}]},{"@type":"WebSite","@id":"https:\/\/orgueil82.jvillain.fr\/#website","url":"https:\/\/orgueil82.jvillain.fr\/","name":"Histoire et historique du village d'Orgueil","description":"Vivre \u00e0 Orgueil - Tarn-et-Garonne","publisher":{"@id":"https:\/\/orgueil82.jvillain.fr\/#organization"},"potentialAction":[{"@type":"SearchAction","target":{"@type":"EntryPoint","urlTemplate":"https:\/\/orgueil82.jvillain.fr\/?s={search_term_string}"},"query-input":{"@type":"PropertyValueSpecification","valueRequired":true,"valueName":"search_term_string"}}],"inLanguage":"fr-FR"},{"@type":"Organization","@id":"https:\/\/orgueil82.jvillain.fr\/#organization","name":"Histoire et historique du village d'Orgueil","url":"https:\/\/orgueil82.jvillain.fr\/","logo":{"@type":"ImageObject","inLanguage":"fr-FR","@id":"https:\/\/orgueil82.jvillain.fr\/#\/schema\/logo\/image\/","url":"https:\/\/orgueil82.jvillain.fr\/wp-content\/uploads\/Orgueil\/orgueil3.gif","contentUrl":"https:\/\/orgueil82.jvillain.fr\/wp-content\/uploads\/Orgueil\/orgueil3.gif","width":93,"height":62,"caption":"Histoire et historique du village d'Orgueil"},"image":{"@id":"https:\/\/orgueil82.jvillain.fr\/#\/schema\/logo\/image\/"}}]}},"featured_image_src":null,"featured_image_src_square":null,"_links":{"self":[{"href":"https:\/\/orgueil82.jvillain.fr\/index.php?rest_route=\/wp\/v2\/pages\/1694","targetHints":{"allow":["GET"]}}],"collection":[{"href":"https:\/\/orgueil82.jvillain.fr\/index.php?rest_route=\/wp\/v2\/pages"}],"about":[{"href":"https:\/\/orgueil82.jvillain.fr\/index.php?rest_route=\/wp\/v2\/types\/page"}],"author":[{"embeddable":true,"href":"https:\/\/orgueil82.jvillain.fr\/index.php?rest_route=\/wp\/v2\/users\/1"}],"replies":[{"embeddable":true,"href":"https:\/\/orgueil82.jvillain.fr\/index.php?rest_route=%2Fwp%2Fv2%2Fcomments&post=1694"}],"version-history":[{"count":0,"href":"https:\/\/orgueil82.jvillain.fr\/index.php?rest_route=\/wp\/v2\/pages\/1694\/revisions"}],"up":[{"embeddable":true,"href":"https:\/\/orgueil82.jvillain.fr\/index.php?rest_route=\/wp\/v2\/pages\/1915"}],"wp:attachment":[{"href":"https:\/\/orgueil82.jvillain.fr\/index.php?rest_route=%2Fwp%2Fv2%2Fmedia&parent=1694"}],"curies":[{"name":"wp","href":"https:\/\/api.w.org\/{rel}","templated":true}]}}