{"id":707,"date":"2025-08-15T22:53:30","date_gmt":"2025-08-15T20:53:30","guid":{"rendered":"https:\/\/jvillain.fr\/?page_id=2"},"modified":"2025-09-16T17:43:22","modified_gmt":"2025-09-16T15:43:22","slug":"page-d-exemple-2","status":"publish","type":"page","link":"https:\/\/orgueil82.jvillain.fr\/","title":{"rendered":"Histoire et Historique du village d&rsquo;Orgueil"},"content":{"rendered":"\n<p>On pourrait croire qu&rsquo;Orgueil est un village sans \u00ab\u00a0histoire\u00a0\u00bb et pourtant&nbsp;<strong>il existe depuis plus de 1000 ans<\/strong>!!! On trouve en effet trace d&rsquo;Orgueil d\u00e8s le 9e si\u00e8cle.<\/p>\n\n\n\n<p>Certes&nbsp;<strong>la <a href=\"https:\/\/jvillain.fr\/?page_id=1077\" target=\"_blank\" rel=\"noreferrer noopener\">m\u00e9t\u00e9orite<\/a> tomb\u00e9e en 1864<\/strong>&nbsp;a marqu\u00e9 le village et l&rsquo;a fait conna\u00eetre dans le monde entier mais il y a bien d&rsquo;autres choses \u00e0 savoir sur notre joli petit village: des choses anciennes et des choses moins anciennes.<\/p>\n\n\n\n<p>Les pages accessibles par les liens ci-contre, vous parlerons de l&rsquo;histoire d&rsquo;Orgueil \u00e0 travers les \u00e2ges tout autant que de faits plus r\u00e9cents dont vous pouvez encore trouver des traces dans le village ou aux alentours. J&rsquo;esp\u00e8re que vous trouverez cela int\u00e9ressant.<\/p>\n\n\n\n<p>N&rsquo;oubliez pas de parcourir la page de l&rsquo;<a href=\"https:\/\/orgueil82.jvillain.fr\/?page_id=1844\">Amicale Orph\u00e9onique d&rsquo;Orgueil<\/a>\u00a0pour lire les paroles du chant de l&rsquo;Amicale, un hymne \u00e0 notre village et son \u00e9cole.<\/p>\n\n\n\n<p>Tous mes remerciements \u00e0 la municipalit\u00e9, notamment \u00e0 l&rsquo;ancien maire Michel Meesseman et \u00e0 mon \u00e9pouse, elle aussi ancien maire, et aux r\u00e9alisateurs du bulletin municipal, qui ont donn\u00e9 beaucoup de mati\u00e8re pour d\u00e9velopper ces pages. Merci \u00e0 tous les habitants qui ont contribu\u00e9 par des informations, des photos, des souvenirs, &#8230; \u00e0 la richesse des informations.<\/p>\n","protected":false},"excerpt":{"rendered":"<p>On pourrait croire qu&rsquo;Orgueil est un village sans \u00ab\u00a0histoire\u00a0\u00bb et pourtant&nbsp;il existe depuis plus de 1000 ans!!! On trouve en effet trace d&rsquo;Orgueil d\u00e8s le 9e si\u00e8cle. Certes&nbsp;la m\u00e9t\u00e9orite tomb\u00e9e en 1864&nbsp;a marqu\u00e9 le village et l&rsquo;a fait conna\u00eetre dans le monde entier mais il y a bien d&rsquo;autres choses \u00e0 savoir sur notre joli &#8230; <a title=\"Histoire et Historique du village d&rsquo;Orgueil\" class=\"read-more\" href=\"https:\/\/orgueil82.jvillain.fr\/\" aria-label=\"En savoir plus sur Histoire et Historique du village d&rsquo;Orgueil\">Lire la suite<\/a><\/p>\n","protected":false},"author":1,"featured_media":0,"parent":0,"menu_order":2,"comment_status":"closed","ping_status":"open","template":"","meta":{"_eb_attr":"","pgc_sgb_lightbox_settings":"","footnotes":""},"class_list":["post-707","page","type-page","status-publish"],"yoast_head":"<!-- This site is optimized with the Yoast SEO plugin v27.5 - https:\/\/yoast.com\/product\/yoast-seo-wordpress\/ -->\n<title>Histoire et Historique du village d&#039;Orgueil - Histoire et historique du village d&#039;Orgueil<\/title>\n<meta name=\"robots\" content=\"index, follow, max-snippet:-1, max-image-preview:large, max-video-preview:-1\" \/>\n<link rel=\"canonical\" href=\"https:\/\/orgueil82.jvillain.fr\/\" \/>\n<meta property=\"og:locale\" content=\"fr_FR\" \/>\n<meta property=\"og:type\" content=\"article\" \/>\n<meta property=\"og:title\" content=\"Histoire et Historique du village d&#039;Orgueil - Histoire et historique du village d&#039;Orgueil\" \/>\n<meta property=\"og:description\" content=\"On pourrait croire qu&rsquo;Orgueil est un village sans \u00ab\u00a0histoire\u00a0\u00bb et pourtant&nbsp;il existe depuis plus de 1000 ans!!! On trouve en effet trace d&rsquo;Orgueil d\u00e8s le 9e si\u00e8cle. Certes&nbsp;la m\u00e9t\u00e9orite tomb\u00e9e en 1864&nbsp;a marqu\u00e9 le village et l&rsquo;a fait conna\u00eetre dans le monde entier mais il y a bien d&rsquo;autres choses \u00e0 savoir sur notre joli ... Lire la suite\" \/>\n<meta property=\"og:url\" content=\"https:\/\/orgueil82.jvillain.fr\/\" \/>\n<meta property=\"og:site_name\" content=\"Histoire et historique du village d&#039;Orgueil\" \/>\n<meta property=\"article:modified_time\" content=\"2025-09-16T15:43:22+00:00\" \/>\n<meta name=\"twitter:card\" content=\"summary_large_image\" \/>\n<meta name=\"twitter:label1\" content=\"Dur\u00e9e de lecture estim\u00e9e\" \/>\n\t<meta name=\"twitter:data1\" content=\"1 minute\" \/>\n<script type=\"application\/ld+json\" class=\"yoast-schema-graph\">{\"@context\":\"https:\\\/\\\/schema.org\",\"@graph\":[{\"@type\":\"WebPage\",\"@id\":\"https:\\\/\\\/orgueil82.jvillain.fr\\\/\",\"url\":\"https:\\\/\\\/orgueil82.jvillain.fr\\\/\",\"name\":\"Histoire et Historique du village d'Orgueil - Histoire et historique du village d&#039;Orgueil\",\"isPartOf\":{\"@id\":\"https:\\\/\\\/orgueil82.jvillain.fr\\\/#website\"},\"datePublished\":\"2025-08-15T20:53:30+00:00\",\"dateModified\":\"2025-09-16T15:43:22+00:00\",\"breadcrumb\":{\"@id\":\"https:\\\/\\\/orgueil82.jvillain.fr\\\/#breadcrumb\"},\"inLanguage\":\"fr-FR\",\"potentialAction\":[{\"@type\":\"ReadAction\",\"target\":[\"https:\\\/\\\/orgueil82.jvillain.fr\\\/\"]}]},{\"@type\":\"BreadcrumbList\",\"@id\":\"https:\\\/\\\/orgueil82.jvillain.fr\\\/#breadcrumb\",\"itemListElement\":[{\"@type\":\"ListItem\",\"position\":1,\"name\":\"Home\",\"item\":\"https:\\\/\\\/orgueil82.jvillain.fr\\\/\"},{\"@type\":\"ListItem\",\"position\":2,\"name\":\"Histoire et Historique du village d&rsquo;Orgueil\"}]},{\"@type\":\"WebSite\",\"@id\":\"https:\\\/\\\/orgueil82.jvillain.fr\\\/#website\",\"url\":\"https:\\\/\\\/orgueil82.jvillain.fr\\\/\",\"name\":\"Histoire et historique du village d'Orgueil\",\"description\":\"Vivre \u00e0 Orgueil - Tarn-et-Garonne\",\"publisher\":{\"@id\":\"https:\\\/\\\/orgueil82.jvillain.fr\\\/#organization\"},\"potentialAction\":[{\"@type\":\"SearchAction\",\"target\":{\"@type\":\"EntryPoint\",\"urlTemplate\":\"https:\\\/\\\/orgueil82.jvillain.fr\\\/?s={search_term_string}\"},\"query-input\":{\"@type\":\"PropertyValueSpecification\",\"valueRequired\":true,\"valueName\":\"search_term_string\"}}],\"inLanguage\":\"fr-FR\"},{\"@type\":\"Organization\",\"@id\":\"https:\\\/\\\/orgueil82.jvillain.fr\\\/#organization\",\"name\":\"Histoire et historique du village d'Orgueil\",\"url\":\"https:\\\/\\\/orgueil82.jvillain.fr\\\/\",\"logo\":{\"@type\":\"ImageObject\",\"inLanguage\":\"fr-FR\",\"@id\":\"https:\\\/\\\/orgueil82.jvillain.fr\\\/#\\\/schema\\\/logo\\\/image\\\/\",\"url\":\"https:\\\/\\\/orgueil82.jvillain.fr\\\/wp-content\\\/uploads\\\/Orgueil\\\/orgueil3.gif\",\"contentUrl\":\"https:\\\/\\\/orgueil82.jvillain.fr\\\/wp-content\\\/uploads\\\/Orgueil\\\/orgueil3.gif\",\"width\":93,\"height\":62,\"caption\":\"Histoire et historique du village d'Orgueil\"},\"image\":{\"@id\":\"https:\\\/\\\/orgueil82.jvillain.fr\\\/#\\\/schema\\\/logo\\\/image\\\/\"}}]}<\/script>\n<!-- \/ Yoast SEO plugin. -->","yoast_head_json":{"title":"Histoire et Historique du village d'Orgueil - Histoire et historique du village d&#039;Orgueil","robots":{"index":"index","follow":"follow","max-snippet":"max-snippet:-1","max-image-preview":"max-image-preview:large","max-video-preview":"max-video-preview:-1"},"canonical":"https:\/\/orgueil82.jvillain.fr\/","og_locale":"fr_FR","og_type":"article","og_title":"Histoire et Historique du village d'Orgueil - Histoire et historique du village d&#039;Orgueil","og_description":"On pourrait croire qu&rsquo;Orgueil est un village sans \u00ab\u00a0histoire\u00a0\u00bb et pourtant&nbsp;il existe depuis plus de 1000 ans!!! On trouve en effet trace d&rsquo;Orgueil d\u00e8s le 9e si\u00e8cle. Certes&nbsp;la m\u00e9t\u00e9orite tomb\u00e9e en 1864&nbsp;a marqu\u00e9 le village et l&rsquo;a fait conna\u00eetre dans le monde entier mais il y a bien d&rsquo;autres choses \u00e0 savoir sur notre joli ... Lire la suite","og_url":"https:\/\/orgueil82.jvillain.fr\/","og_site_name":"Histoire et historique du village d&#039;Orgueil","article_modified_time":"2025-09-16T15:43:22+00:00","twitter_card":"summary_large_image","twitter_misc":{"Dur\u00e9e de lecture estim\u00e9e":"1 minute"},"schema":{"@context":"https:\/\/schema.org","@graph":[{"@type":"WebPage","@id":"https:\/\/orgueil82.jvillain.fr\/","url":"https:\/\/orgueil82.jvillain.fr\/","name":"Histoire et Historique du village d'Orgueil - Histoire et historique du village d&#039;Orgueil","isPartOf":{"@id":"https:\/\/orgueil82.jvillain.fr\/#website"},"datePublished":"2025-08-15T20:53:30+00:00","dateModified":"2025-09-16T15:43:22+00:00","breadcrumb":{"@id":"https:\/\/orgueil82.jvillain.fr\/#breadcrumb"},"inLanguage":"fr-FR","potentialAction":[{"@type":"ReadAction","target":["https:\/\/orgueil82.jvillain.fr\/"]}]},{"@type":"BreadcrumbList","@id":"https:\/\/orgueil82.jvillain.fr\/#breadcrumb","itemListElement":[{"@type":"ListItem","position":1,"name":"Home","item":"https:\/\/orgueil82.jvillain.fr\/"},{"@type":"ListItem","position":2,"name":"Histoire et Historique du village d&rsquo;Orgueil"}]},{"@type":"WebSite","@id":"https:\/\/orgueil82.jvillain.fr\/#website","url":"https:\/\/orgueil82.jvillain.fr\/","name":"Histoire et historique du village d'Orgueil","description":"Vivre \u00e0 Orgueil - Tarn-et-Garonne","publisher":{"@id":"https:\/\/orgueil82.jvillain.fr\/#organization"},"potentialAction":[{"@type":"SearchAction","target":{"@type":"EntryPoint","urlTemplate":"https:\/\/orgueil82.jvillain.fr\/?s={search_term_string}"},"query-input":{"@type":"PropertyValueSpecification","valueRequired":true,"valueName":"search_term_string"}}],"inLanguage":"fr-FR"},{"@type":"Organization","@id":"https:\/\/orgueil82.jvillain.fr\/#organization","name":"Histoire et historique du village d'Orgueil","url":"https:\/\/orgueil82.jvillain.fr\/","logo":{"@type":"ImageObject","inLanguage":"fr-FR","@id":"https:\/\/orgueil82.jvillain.fr\/#\/schema\/logo\/image\/","url":"https:\/\/orgueil82.jvillain.fr\/wp-content\/uploads\/Orgueil\/orgueil3.gif","contentUrl":"https:\/\/orgueil82.jvillain.fr\/wp-content\/uploads\/Orgueil\/orgueil3.gif","width":93,"height":62,"caption":"Histoire et historique du village d'Orgueil"},"image":{"@id":"https:\/\/orgueil82.jvillain.fr\/#\/schema\/logo\/image\/"}}]}},"featured_image_src":null,"featured_image_src_square":null,"_links":{"self":[{"href":"https:\/\/orgueil82.jvillain.fr\/index.php?rest_route=\/wp\/v2\/pages\/707","targetHints":{"allow":["GET"]}}],"collection":[{"href":"https:\/\/orgueil82.jvillain.fr\/index.php?rest_route=\/wp\/v2\/pages"}],"about":[{"href":"https:\/\/orgueil82.jvillain.fr\/index.php?rest_route=\/wp\/v2\/types\/page"}],"author":[{"embeddable":true,"href":"https:\/\/orgueil82.jvillain.fr\/index.php?rest_route=\/wp\/v2\/users\/1"}],"replies":[{"embeddable":true,"href":"https:\/\/orgueil82.jvillain.fr\/index.php?rest_route=%2Fwp%2Fv2%2Fcomments&post=707"}],"version-history":[{"count":0,"href":"https:\/\/orgueil82.jvillain.fr\/index.php?rest_route=\/wp\/v2\/pages\/707\/revisions"}],"wp:attachment":[{"href":"https:\/\/orgueil82.jvillain.fr\/index.php?rest_route=%2Fwp%2Fv2%2Fmedia&parent=707"}],"curies":[{"name":"wp","href":"https:\/\/api.w.org\/{rel}","templated":true}]}}